. Suppose m*u - 26 - 28 = 0. What is the greatest common factor of w and u?
9
Let k(a) = 23 + 4*a + 0*a - 8*a + 2*a. Let n be k(8). What is the highest common divisor of 133 and n?
7
Suppose 5*j + 54 = -4*j. Let h be (-14)/j - 2 - (-105)/9. What is the highest common factor of 60 and h?
12
Suppose -26938 = -59*i + 6987. Calculate the greatest common factor of i and 46.
23
Let k(i) = -i**3 + 10*i**2 + 14*i + 3. Let f be k(11). Let g be (-2 - -8)*(-15)/20*-4. Calculate the highest common divisor of g and f.
18
Suppose 2*p - 3*o = 151, 3*o - 16 + 7 = 0. Suppose -35*t + 666 = 106. Calculate the highest common divisor of p and t.
16
Let j(g) = g**2 - 5*g + 11. Suppose 0 = -13*c + 7 + 45. Let n be j(c). Calculate the greatest common factor of n and 77.
7
Let y(x) = x**2 - 20*x + 19. Let n be y(19). Suppose -3*c + 5*g = 3, 2*g = 5*c - n - 14. What is the highest common factor of c and 4?
4
Let n = 12 - 4. Let j be n/3 - (-2)/(-3). Let g(d) = d**2 + d - 3. Let p be g(j). Calculate the highest common factor of 15 and p.
3
Let p(m) = 13*m + 259. Let q be p(0). Calculate the highest common factor of q and 37.
37
Let s = 70 - 50. Let a = 86 - -14. Calculate the greatest common divisor of s and a.
20
Let h(z) be the third derivative of z**5/60 - z**4/4 + z**3/3 + z**2. Let l be h(7). Suppose 8*w - 42 - 30 = 0. What is the greatest common divisor of w and l?
9
Let g be 7 - (-13)/((-39)/(-252)). Calculate the highest common factor of g and 26.
13
Let a(n) = -n**3 - 2*n**2 + 2*n + 7. Let l be a(-6). Suppose 11 = 4*b - 1. Suppose b*i = -37 + l. What is the greatest common factor of 306 and i?
34
Suppose 0 = -5*o + 70 + 5. Let f(c) = 7*c - 18. Let m be f(9). Calculate the greatest common factor of m and o.
15
Let l be 180/(-63) - 1/7. Let o be (-14*3)/(l - -4). Let c = -29 - o. What is the highest common divisor of 117 and c?
13
Let h = -3 + 7. Let t be (h/(-6) - 0/(-2))*-6. What is the greatest common divisor of t and 16?
4
Suppose 2*r + 336 = 6*r. Let l = -41 - -77. Suppose 3*k - l = -0*k. What is the highest common factor of k and r?
12
Suppose m = -0*m + l + 3, 2*l = 0. Suppose -9*p = -m*p - 30. What is the highest common divisor of p and 5?
5
Suppose 8 = 3*i + i. Let b(s) = -2*s**2 - 2*s + 14*s**2 - i*s + s. Let x be b(-3). What is the greatest common factor of 13 and x?
13
Let t(o) = -o**3 - 9*o**2 - 4*o - 35. Suppose -14 = q - 6*l + l, 2*q + 21 = 3*l. Let h be t(q). What is the greatest common divisor of 1 and h?
1
Suppose -4*x - 23 = -63. Calculate the greatest common factor of x and 155.
5
Suppose 4*z + 0*z = 0. Suppose 3*s + 1 = 10. Suppose -4*k - 4*j = -136, z = -0*k - s*k - 4*j + 106. What is the greatest common divisor of k and 12?
6
Suppose 0 = -3*n - 6, 2*b + n + 2*n + 50 = 0. Let k be b/(-77) + 33/7. Calculate the highest common divisor of k and 1.
1
Let l(r) = 3*r - 4. Suppose 4 + 2 = 3*s. Let a be l(s). Suppose 2*u = 5*k + 232, 5*k + 0*k = -a*u + 272. What is the highest common factor of u and 14?
14
Let r be (5 - 67) + 1*2. Let b be (-2)/(-11) + r/(-33). Suppose 7*s - 400 = b*s. Calculate the highest common factor of s and 32.
16
Suppose 0 = -p + 221 - 53. What is the highest common divisor of 126 and p?
42
Suppose 0 = 9*r + 156 + 78. Let l = 12 - r. Let c(q) = 2*q**2 - q + 2. Let v be c(-5). Calculate the greatest common divisor of v and l.
19
Let c(s) = 54*s**2 + s. Suppose -3*k - 3 = 0, 3*t - 8*k + 4*k - 4 = 0. Suppose -4 = -t*b - 4*b. Let d be c(b). What is the highest common factor of d and 11?
11
Let w(m) = 371*m**2 + 2*m - 1. Let a be w(-1). Let z = a - 224. Calculate the highest common factor of z and 18.
18
Let c be 36/(-48) - (-2259)/4. Calculate the greatest common divisor of c and 12.
12
Suppose -3*a + 33 = u, -5 = 4*a + 5*u - 60. What is the greatest common factor of 340 and a?
10
Let a(v) = -9*v. Let s be a(-2). Suppose -3 = -5*i - s, 3*u = 5*i + 39. Calculate the greatest common divisor of u and 4.
4
Suppose -2*f + 4*a + 798 = 0, -2*f + 85*a + 812 = 88*a. What is the greatest common factor of f and 62?
31
Let i be (-168)/16*((-18)/21)/1. Calculate the highest common factor of 48 and i.
3
Let d = -234 + 406. Suppose 4*v = -3*a + 6*a - 117, -v = 5*a - d. Calculate the greatest common divisor of a and 315.
35
Suppose 2*m - 5 = 7. Let u be 1*1/2*2. Let i be ((-21)/(-14))/(u/8). Calculate the greatest common divisor of i and m.
6
Let l be ((-228)/5)/(-7 - (-495)/75). What is the greatest common factor of 304 and l?
38
Suppose 27 = 3*r - 0*r. Suppose -3*w + 39 = 4*g + 255, 0 = -3*w - 2*g - 210. Let k = w + 167. What is the highest common factor of r and k?
9
Let d(g) = -4*g**3 - g**2 + 5. Let r be d(-5). What is the greatest common factor of r and 180?
60
Let v = -78 - -186. What is the highest common factor of v and 9?
9
Suppose -7*z = -3*z - 4. Let y be z + -32 - (2 - 2). Let u = y + 44. Calculate the greatest common factor of u and 26.
13
Suppose -5*d = -w + 39 + 21, 3*d = 5*w - 344. Let p(g) = 14 - 6 + 9 + g. Let n be p(-7). Calculate the greatest common divisor of n and w.
10
Let d(a) = a**3 + 2*a**2 - 14*a - 17. Let m be d(-4). Calculate the highest common divisor of m and 385.
7
Suppose 2*b - 61 - 79 = 5*t, -5*b - 5*t = -420. Calculate the highest common divisor of b and 32.
16
Let s(q) = -q + 3*q - 11*q - 4*q + 14 + q**2. Let t be s(13). Calculate the highest common factor of 56 and t.
14
Suppose 15*r - 35 = 10*r. Let k be 241 + 1 - (r + -3). Calculate the highest common divisor of k and 34.
34
Let a be 4/(128/(-24))*-52. What is the greatest common divisor of 52 and a?
13
Let l be 3/(-12)*2*0. Let p(a) = a**3 - a + 50. Let h be p(l). Suppose 0 = d + 3*z - 26, 5*d - z - h = -0*z. What is the highest common factor of d and 11?
11
Let m be ((-12)/(-10))/(18/315). Calculate the greatest common divisor of 42 and m.
21
Let g(y) = -2*y**2 - 34*y - 69. Let r be g(-14). Let p = -79 - -12. Let b = p - -172. What is the highest common factor of b and r?
15
Suppose 2*l + 5*l - 1344 = 0. Suppose -10*b - l = -6*b. Let a be (b/14)/((-2)/35). Calculate the highest common factor of a and 10.
10
Suppose 3*x + 12 = 0, 5*g - x - 31 = 2*g. Suppose 40 = g*c - c. Suppose 5*n - 14 - 186 = 0. What is the greatest common factor of c and n?
5
Suppose -20*s + 122 = -15*s + 3*y, -64 = -2*s - 5*y. Calculate the greatest common factor of s and 1397.
11
Let q be ((-3)/5)/((-2)/(-10)). Let w(y) = 12*y + 4. Let n be w(q). Let t be 0 + n/(2 + -6). What is the highest common factor of t and 1?
1
Suppose -46*d + 243 = -37*d. What is the greatest common divisor of d and 18?
9
Let h = -535 + 725. What is the greatest common divisor of h and 475?
95
Let c(u) = 10*u + 393. Let l be c(-7). Calculate the highest common factor of l and 38.
19
Let f(v) = -14*v - 16. Let t be f(-12). Let p(b) = 2*b**2 + 8*b - 23. Let x be p(3). Calculate the greatest common factor of x and t.
19
Let b = 14 - 4. Let r(p) = p**2 - 5*p + 5. Let d be r(2). Let a be d + -2 + 30 + 3. Calculate the greatest common divisor of b and a.
10
Let c(b) = 9*b**2 + 4*b - 5. Let v be c(2). What is the highest common divisor of 273 and v?
39
Let k(b) = 40*b - 277. Let r be k(7). Suppose -2*y - 3*y = -105. What is the highest common factor of y and r?
3
Let v(l) = 2*l + 2*l - 2*l**2 - 6*l + 4*l**2 - 2. Let k be v(-2). Suppose -4*a + 90 = -a. Calculate the highest common factor of k and a.
10
Let r = -13 - -13. Let z = r - -9. Let f = -54 + 55. What is the greatest common factor of f and z?
1
Let g(n) = n**2 - 8*n - 18. Let d be g(-3). Calculate the greatest common factor of 160 and d.
5
Let x(g) = 782*g - 187. Let q be x(2). Calculate the greatest common divisor of 81 and q.
81
Let n = 6 - -6. What is the highest common factor of 144 and n?
12
Let z(q) = -q**3 + 64*q**2 + 78*q + 222. Let k be z(65). What is the greatest common factor of 22 and k?
11
Let z be (-87)/(-6)*2 - -6. Let y = 2 - 0. Suppose -l = -y*l + 7. What is the highest common divisor of z and l?
7
Suppose -2*g = -0*g - 6. Let q be 221/g - (-2)/6. Let y = -9 + q. What is the greatest common factor of 13 and y?
13
Suppose 3*m - 13 = 8. Let r be 8/6 + 3608/66. Calculate the highest common factor of r and m.
7
Let q be ((-2)/(-4))/((-8)/736). Let v = 55 + q. What is the greatest common divisor of 36 and v?
9
Let q = -222 + 253. What is the